 3*t + 3 = j, -2*j - 11 = -4*j + t. Let w = j - 2. Let l = 15 - 11. Calculate the highest common factor of l and w.
4
Let t = -5 - -8. Let h(k) = 4*k - 2. Let l be h(t). Let q = -74 + 154. What is the greatest common factor of l and q?
10
Let k = -80 + 57. Let m = k - -15. Let v(p) = -p**3 - 9*p**2 - 11*p - 7. Let w be v(m). Calculate the greatest common divisor of w and 17.
17
Let z be (-14)/(-119) + 6422/34. Let p = z + -91. What is the greatest common divisor of p and 14?
14
Let h = 35 - 34. Calculate the highest common factor of h and 11.
1
Suppose -275 = -5*k + 130. What is the greatest common factor of k and 18?
9
Suppose -g = -4*l + 29 - 283, -5*g + 1165 = l. Calculate the highest common divisor of 26 and g.
26
Let k = 75 - 45. Calculate the highest common divisor of k and 10.
10
Let z = 0 + 0. Suppose 5*q - 769 + 19 = z. Suppose -n - 2*n = -q. What is the highest common factor of n and 10?
10
Let x be (-18)/(-3)*((-189)/6)/(-3). Suppose 4*a + 3*c = 50 + 19, -5*a + 4*c + 125 = 0. Calculate the highest common factor of a and x.
21
Let g = -99 + 103. What is the highest common factor of 24 and g?
4
Let n be (48/2)/(26/117). Calculate the highest common factor of 12 and n.
12
Suppose 4*y + 12 = 5*y. Let q = -8491 - -5953. Let g be q/(-30) + (-3)/5. Calculate the greatest common divisor of g and y.
12
Let w = 18 - 13. Let j be (-2)/w + (-306)/(-15). Suppose 0*b + 5*b = 700. Calculate the highest common divisor of j and b.
20
Let x = 71 - 20. Let z = 42 - 25. Calculate the greatest common factor of z and x.
17
Let j(f) = 12*f. Let b be j(1). Calculate the greatest common factor of 18 and b.
6
Let f be (3 - (-24)/(-9))*-3. Let x be 2*f - (-120 + 3). Let s be 1/3 - x/(-15). What is the greatest common divisor of 1 and s?
1
Suppose -3*n - 105 = -690. Suppose -v = -0*v + t - n, -2*v + 415 = -3*t. Suppose -9*f - 14 = -239. What is the highest common divisor of f and v?
25
Suppose 0 = -4*y + 16 - 0. Suppose 0 = -2*h - y + 8. Let k be 51/(-2 + h + 1). What is the greatest common divisor of k and 17?
17
Suppose 0 = 4*a + 30 + 2. Let k(v) = v**2 - 3*v - 13. Let p be k(a). What is the greatest common factor of 50 and p?
25
Let p = -288 - -483. What is the highest common factor of 78 and p?
39
Let u(b) = 2*b + 15. Let d be u(0). What is the highest common divisor of 10 and d?
5
Suppose -4*j + 3 + 5 = 0. Suppose j*x - 12 = -x. Let y(g) = 2*g - 2. Let o be y(6). What is the greatest common factor of o and x?
2
Let k(o) = o**3 - 5*o**2 - o. Let x be k(6). Suppose -7*g = -4*g - 18. Suppose -b - g = -21. Calculate the greatest common divisor of x and b.
15
Suppose -4*d + 3*d + 6 = 0. What is the greatest common divisor of d and 30?
6
Suppose -3*t + 5*w + 7 - 1 = 0, 5*t - 5*w = 10. What is the highest common divisor of t and 4?
2
Let i(a) be the first derivative of a**2/2 - 3*a + 3. Let r be i(0). Let g be 2 + 24*(-3)/r. Calculate the highest common factor of g and 65.
13
Let r be (10/6)/5*0. Let g = r + 5. Calculate the highest common divisor of g and 55.
5
Suppose -2*c + 107 = 3*t, 0*c - c + 4*t + 37 = 0. Let o be 10/2 - (2 + -4). Calculate the greatest common divisor of o and c.
7
Suppose 0 = -3*b + 30 + 6. Let i be 1 + 6/(-3) + b. Suppose 2*g - 2*d = 204, -2*d = -5*g + 2*g + 303. Calculate the highest common factor of i and g.
11
Suppose 0*t + 5*t = -4*b + 45, 0 = 2*b. What is the greatest common factor of t and 99?
9
Suppose -2*z + 107 = -9. What is the greatest common factor of z and 87?
29
Let l(z) be the third derivative of 7*z**4/24 - 4*z**3/3 - 6*z**2. Let w be l(4). Calculate the greatest common factor of 10 and w.
10
Suppose -6*l + 10 = -32. Calculate the greatest common divisor of 28 and l.
7
Suppose 3*z - 4*p = 52, -z + p + 32 = -4*p. What is the greatest common factor of z and 30?
6
Suppose -5*y - 15 = -6*y. Suppose -l = 2, 0 = -2*f + 5*l + 155 + 65. What is the highest common divisor of y and f?
15
Let t = -33 + 58. What is the greatest common divisor of 5 and t?
5
Let d(y) = 3*y**2 + 12*y - 6. Let t be d(-6). What is the highest common divisor of 15 and t?
15
Suppose 2*y + 3 = 5*a, -4*y - 2 = -4*a - 2*y. Suppose -4*r + 60 = w + 19, -a = -w. What is the highest common divisor of r and 4?
2
Suppose -3*i + 0 = 6. Let w be ((-6)/(-4))/(i/(-24)). Let r be 2974/w + (-4)/18. Calculate the highest common divisor of 15 and r.
15
Let a(k) = 2*k**2 - 2*k + 6. Let q be a(3). Calculate the highest common divisor of q and 12.
6
Suppose 0 = 3*t - 5 - 7. What is the greatest common divisor of 24 and t?
4
Suppose -5*f - 3*t + 5*t = -93, 0 = 5*f - 3*t - 97. What is the greatest common divisor of f and 68?
17
Let j = 1 + -1. Suppose 25 = 5*z, j = 6*g - 2*g - z - 3. Suppose -4*d + 2*i - 44 = -7*d, 28 = g*d + 2*i. What is the highest common factor of d and 144?
16
Let d be (16/20)/((-1)/(-70)). What is the greatest common divisor of d and 7?
7
Suppose -7 + 25 = 3*o. Let t(h) = -h**2 + 5*h + 6. Let j be t(o). Suppose 3*i = 9, 0 = 2*r - j*r - i - 5. What is the highest common divisor of 10 and r?
2
Let z = -47 - -31. Let a = z - -26. Let f = -51 - -161. Calculate the greatest common factor of a and f.
10
Let s(y) = 14*y**2 - y - 2. Let a be s(2). Let k = a - 28. Calculate the greatest common divisor of 12 and k.
12
Let y be 3/(-6)*3*-2. Let m be -3 - -4 - -2*y. What is the greatest common factor of 28 and m?
7
Let i be 2/(2 + (-423)/213). Suppose 6*h - h + 40 = 2*m, 5*m - 2*h - i = 0. What is the highest common divisor of m and 20?
10
Suppose -4*b + 2*v + 254 = 3*v, 5*v - 10 = 0. What is the highest common factor of 9 and b?
9
Let l be ((-8)/12)/((-2)/15). Suppose -70 = -5*z - 2*h - 15, 0 = z + l*h - 11. Let w be (2/(-6))/(2/(-6)). Calculate the highest common divisor of w and z.
1
Suppose -2*q - 14 = -5*h, -3*h = q + h - 19. Suppose -c - c = o, q*c + 3 = 0. What is the greatest common divisor of 3 and o?
1
Let z be (-147)/1*(-4)/(-6). Let g = 146 + z. Calculate the greatest common factor of g and 6.
6
Let t(z) = z**3 + 6*z**2 - 3*z - 9. Let d be t(-6). Calculate the greatest common divisor of 81 and d.
9
Suppose -4*s - 5*v = -0*v - 64, 4*s - 5*v - 64 = 0. Let b be s/(-3)*6/(-4). What is the highest common factor of b and 1?
1
Suppose 21*n = 18*n + 12. Let i(y) = -113*y - 1. Let h be i(-2). Suppose -a = -n*a + h. What is the highest common divisor of 15 and a?
15
Suppose -o + 3*o - 26 = -2*u, -3*u + 11 = -4*o. Calculate the highest common factor of u and 36.
9
Suppose -6 = -2*l - 2*m + 16, 3*l = -5*m + 35. Let r = 19 - l. Calculate the highest common factor of r and 72.
9
Let g(c) = 4*c. Let p be g(1). Let a(u) = -2 + 2 - p*u + 13*u. Let w be a(8). Calculate the greatest common factor of w and 12.
12
Let z(u) = -u**2 - 10*u - 5. Suppose -2*p - 10 = 8. Let r be z(p). Suppose 3*d + 6 = 5*v - 11, 11 = 3*v - d. Calculate the greatest common divisor of r and v.
4
Let g(r) = -r + 7. Let i be g(5). Suppose 3*z = -5*k + 11 + i, 2*k - 3*z = 1. What is the highest common factor of k and 8?
2
Let u(t) = -14*t + 3. Let w be u(-9). Suppose 5*q = 3*r + w, 2*r - 1 = 3. What is the highest common divisor of 18 and q?
9
Suppose 2 = -3*b - 2*q + 92, -2*q = 2*b - 58. What is the highest common factor of 4 and b?
4
Let a(f) = -f**3 - 3*f**2 + f - 1. Suppose 3*q - 3 = 3*w, -14 = 2*w - q + 3*q. Let c be a(w). What is the highest common divisor of 88 and c?
11
Suppose g - 4 = -3. Let l(s) = -s**2 - 6*s + 9. Let t be l(-7). Calculate the greatest common divisor of t and g.
1
Let w(c) = -4*c - 34. Let x be w(-11). What is the highest common factor of x and 80?
10
Let f be ((-1)/2)/((-4)/24). Suppose 10 = 5*i - z - z, -3*z = f*i + 15. Let q be (i - 6)*-2 + -2. Calculate the highest common divisor of 20 and q.
10
Suppose b = 3*b - r - 22, 61 = 5*b - r. Let l = 35 - b. What is the greatest common factor of 88 and l?
22
Suppose 230 = 6*d + 50. Calculate the greatest common divisor of d and 30.
30
Let o be (8/(-6))/4 - (-539)/33. What is the greatest common factor of o and 256?
16
Let t be 673/6 + (-155)/30 + 5. What is the highest common divisor of 16 and t?
16
Let n(y) = 11*y. Let o be n(9). What is the highest common divisor of 11 and o?
11
Let l(k) = k**3 + 8*k**2 - 5*k + 5. Let a be l(-8). Suppose -5*b + 88 = 2*j, 4*b - 3*b - 4*j = 22. What is the greatest common factor of b and a?
9